3
What is the hundred thousands digit of 52147823?
1
What is the ten thousands digit of 304347608?
4
What is the millions digit of 68457537?
8
What is the ten millions digit of 61025786?
6
What is the ten millions digit of 650096962?
5
What is the thousands digit of 197758443?
8
What is the thousands digit of 96490837?
0
What is the tens digit of 2038289649?
4
What is the thousands digit of 100309624?
9
What is the hundred thousands digit of 1431829918?
8
What is the ten thousands digit of 128207546?
0
What is the ten thousands digit of 1946781953?
8
What is the ten thousands digit of 109342136?
4
What is the hundred millions digit of 561704133?
5
What is the hundreds digit of 44239619?
6
What is the hundred millions digit of 657520911?
6
What is the ten thousands digit of 423329124?
2
What is the thousands digit of 21952273?
2
What is the hundred millions digit of 367866756?
3
What is the ten thousands digit of 708934440?
3
What is the thousands digit of 1746079477?
9
What is the units digit of 111931205?
5
What is the ten thousands digit of 181688338?
8
What is the ten millions digit of 21155787?
2
What is the hundreds digit of 1102886486?
4
What is the hundreds digit of 71446720?
7
What is the ten millions digit of 26237263?
2
What is the tens digit of 169963343?
4
What is the hundreds digit of 1741039218?
2
What is the ten millions digit of 376463524?
7
What is the millions digit of 255845027?
5
What is the ten millions digit of 295193563?
9
What is the hundreds digit of 1721957?
9
What is the hundred thousands digit of 124783986?
7
What is the thousands digit of 61552282?
2
What is the ten thousands digit of 280814037?
1
What is the millions digit of 461383441?
1
What is the millions digit of 35978791?
5
What is the millions digit of 882319501?
2
What is the hundred thousands digit of 199812644?
8
What is the ten millions digit of 3852656787?
5
What is the tens digit of 97412009?
0
What is the millions digit of 15751989?
5
What is the millions digit of 17657411?
7
What is the hundreds digit of 448740857?
8
What is the tens digit of 211569735?
3
What is the hundred thousands digit of 1937953339?
9
What is the thousands digit of 135702252?
2
What is the millions digit of 121807127?
1
What is the tens digit of 2287000222?
2
What is the millions digit of 905248444?
5
What is the millions digit of 6171075695?
1
What is the hundreds digit of 100141797?
7
What is the ten millions digit of 126717600?
2
What is the hundreds digit of 271171132?
1
What is the thousands digit of 1736996365?
6
What is the hundreds digit of 62884111?
1
What is the hundred millions digit of 780319740?
7
What is the ten thousands digit of 697082326?
8
What is the units digit of 1314968070?
0
What is the hundred millions digit of 2507711207?
5
What is the hundreds digit of 2440082585?
5
What is the ten thousands digit of 1245235999?
3
What is the tens digit of 703419672?
7
What is the millions digit of 18428900?
8
What is the thousands digit of 1212292419?
2
What is the hundred thousands digit of 795104486?
1
What is the hundreds digit of 39754517?
5
What is the units digit of 139753630?
0
What is the units digit of 508624410?
0
What is the tens digit of 2490385471?
7
What is the ten millions digit of 1312262201?
1
What is the billions digit of 2108469257?
2
What is the thousands digit of 274037580?
7
What is the hundreds digit of 2323656?
6
What is the thousands digit of 158644915?
4
What is the tens digit of 234784053?
5
What is the hundreds digit of 51707610?
6
What is the hundreds digit of 561633615?
6
What is the thousands digit of 760810472?
0
What is the ten millions digit of 142752217?
4
What is the hundred thousands digit of 1339954574?
9
What is the hundreds digit of 273926685?
6
What is the ten millions digit of 75077163?
7
What is the thousands digit of 237341580?
1
What is the units digit of 44936369?
9
What is the ten millions digit of 3083340186?
8
What is the ten thousands digit of 93329956?
2
What is the millions digit of 51498486?
1
What is the hundred millions digit of 368710622?
3
What is the thousands digit of 487679444?
9
What is the millions digit of 595905559?
5
What is the hundreds digit of 1497571586?
5
What is the hundreds digit of 289556377?
3
What is the hundreds digit of 792361887?
8
What is the tens digit of 19691519?
1
What is the hundred millions digit of 3032647996?
0
What is the millions digit of 69347834?
9
What is the units digit of 87708460?
0
What is the millions digit of 571300062?
1
What is the hundred millions digit of 422891468?
4
What is the units digit of 1415710469?
9
What is the ten millions digit of 2475401142?
7
What is the ten millions digit of 15322432?
1
What is the tens digit of 798856932?
3
What is the units digit of 113129243?
3
What is the thousands digit of 23399601?
9
What is the hundreds digit of 64436151?
1
What is the units digit of 209592938?
8
What is the ten thousands digit of 215342088?
4
What is the millions digit of 232536724?
2
What is the units digit of 262046715?
5
What is the hundred thousands digit of 2150046376?
0
What is the units digit of 97203688?
8
What is the tens digit of 383196137?
3
What is the ten thousands digit of 296158171?
5
What is the ten thousands digit of 298750749?
5
What is the millions digit of 107311663?
7
What is the hundred thousands digit of 135636491?
6
What is the hundred thousands digit of 5692549790?
5
What is the hundreds digit of 596768613?
6
What is the thousands digit of 194350040?
0
What is the tens digit of 1865153?
5
What is the millions digit of 164890597?
4
What is the millions digit of 133865898?
3
What is the hundred thousands digit of 79556359?
5
What is the ten millions digit of 611544947?
1
What is the hundred thousands digit of 564733999?
7
What is the tens digit of 636439665?
6
What is the hundred millions digit of 383612319?
3
What is the hundreds digit of 36776168?
1
What is the ten millions digit of 2392194722?
9
What is the hundred thousands digit of 17870617?
8
What is the ten thousands digit of 483970684?
7
What is the billions digit of 1003380526?
1
What is the hundreds digit of 1163674648?
6
What is the ten millions digit of 1352741121?
5
What is the ten thousands digit of 1497892902?
9
What is the hundreds digit of 1859757975?
9
What is the hundreds digit of 210971885?
8
What is the ten thousands digit of 127088006?
8
What is the millions digit of 10020105?
0
What is the hundreds digit of 27328403?
4
What is the hundreds digit of 466452670?
6
What is the hundred millions digit of 121358950?
1
What is the thousands digit of 595583590?
3
What is the hundreds digit of 1161371526?
5
What is the tens digit of 694042167?
6
What is the hundred millions digit of 901868529?
9
What is the ten thousands digit of 132244797?
4
What is the ten thousands digit of 941487319?
8
What is the units digit of 89288933?
3
What is the billions digit of 1150759302?
1
What is the millions digit of 66773604?
6
What is the ten millions digit of 19304830?
1
What is the ten millions digit of 516953239?
1
What is the ten thousands digit of 1541993394?
9
What is the billions digit of 1325824450?
1
What is the hundred thousands digit of 2335321870?
3
What is the tens digit of 14610747?
4
What is the thousands digit of 211609337?
9
What is the millions digit of 914695538?
4
What is the hundred thousands digit of 2530049717?
0
What is the hundred thousands digit of 3391344708?
3
What is the thousands digit of 42482762?
2
What is the millions digit of 455420972?
5
What is the units digit of 99897111?
1
What is the tens digit of 682786080?
8
What is the units digit of 4595481576?
6
What is the units digit of 8028720?
0
What is the hundreds digit of 1078363940?
9
What is the tens digit of 192699362?
6
What is the hundreds digit of 610323095?
0
What is the hundreds digit of 1161397733?
7
What is the units digit of 184269986?
6
What is the thousands digit of 90134791?
4
What is the hundred thousands digit of 5816923142?
9
What is the tens digit of 85609353?
5
What is the units digit of 1011576356?
6
What is the hundreds digit of 1131977221?
2
What is the ten millions digit of 425072495?
2
What is the ten thousands digit of 56579410?
7
What is the hundred thousands digit of 43429216?